{"id":197,"date":"2012-01-05T13:35:31","date_gmt":"2012-01-05T13:35:31","guid":{"rendered":"http:\/\/eraartprofile.pl\/eraartprofile\/?page_id=197"},"modified":"2016-03-05T16:05:16","modified_gmt":"2016-03-05T16:05:16","slug":"archiwum","status":"publish","type":"page","link":"https:\/\/archiwum.eraartprofile.pl\/?page_id=197","title":{"rendered":"archiwum"},"content":{"rendered":"<p><img loading=\"lazy\" decoding=\"async\" class=\"alignnone  wp-image-5831\" alt=\"red_rainbow\" src=\"http:\/\/eraartprofile.pl\/eraartprofile\/wp-content\/uploads\/2015\/03\/red_rainbow.jpg\" width=\"300\" height=\"10\" \/><\/p>\n<p style=\"text-align: left;\">W ci\u0105gu minionych lat <strong>Stowarzyszenie Promocji Artyst\u00f3w Wybrze\u017ca ERA ART\u00a0<\/strong>zorganizowa\u0142o szereg interesuj\u0105cych wydarze\u0144.<br \/>\nBy\u0142y to wystawy, konkursy, wieczory literackie, spotkania integracyjne, happeningi, koncerty, etc.<\/p>\n<p style=\"text-align: left;\">Spis wydarze\u0144 umie\u015bcili\u015bmy na tej podstronie. Zapraszamy.<\/p>\n<p><a href=\"http:\/\/eraartprofile.pl\/eraartprofile\"><img loading=\"lazy\" decoding=\"async\" class=\"alignnone  wp-image-262\" title=\"strona g\u00f3\u0142wna\" alt=\"\" src=\"http:\/\/eraartprofile.pl\/eraartprofile\/wp-content\/uploads\/2012\/01\/square_red_26.gif\" width=\"20\" height=\"20\" \/><\/a><\/p>\n","protected":false},"excerpt":{"rendered":"<p>W ci\u0105gu minionych lat Stowarzyszenie Promocji Artyst\u00f3w Wybrze\u017ca ERA ART\u00a0zorganizowa\u0142o szereg interesuj\u0105cych wydarze\u0144. By\u0142y to wystawy, konkursy, wieczory literackie, spotkania integracyjne, happeningi, koncerty, etc. Spis wydarze\u0144 umie\u015bcili\u015bmy na tej podstronie. Zapraszamy.<\/p>\n","protected":false},"author":2,"featured_media":0,"parent":37,"menu_order":0,"comment_status":"closed","ping_status":"closed","template":"","meta":{"ngg_post_thumbnail":0,"footnotes":""},"class_list":["post-197","page","type-page","status-publish","hentry"],"_links":{"self":[{"href":"https:\/\/archiwum.eraartprofile.pl\/index.php?rest_route=\/wp\/v2\/pages\/197","targetHints":{"allow":["GET"]}}],"collection":[{"href":"https:\/\/archiwum.eraartprofile.pl\/index.php?rest_route=\/wp\/v2\/pages"}],"about":[{"href":"https:\/\/archiwum.eraartprofile.pl\/index.php?rest_route=\/wp\/v2\/types\/page"}],"author":[{"embeddable":true,"href":"https:\/\/archiwum.eraartprofile.pl\/index.php?rest_route=\/wp\/v2\/users\/2"}],"replies":[{"embeddable":true,"href":"https:\/\/archiwum.eraartprofile.pl\/index.php?rest_route=%2Fwp%2Fv2%2Fcomments&post=197"}],"version-history":[{"count":33,"href":"https:\/\/archiwum.eraartprofile.pl\/index.php?rest_route=\/wp\/v2\/pages\/197\/revisions"}],"predecessor-version":[{"id":7012,"href":"https:\/\/archiwum.eraartprofile.pl\/index.php?rest_route=\/wp\/v2\/pages\/197\/revisions\/7012"}],"up":[{"embeddable":true,"href":"https:\/\/archiwum.eraartprofile.pl\/index.php?rest_route=\/wp\/v2\/pages\/37"}],"wp:attachment":[{"href":"https:\/\/archiwum.eraartprofile.pl\/index.php?rest_route=%2Fwp%2Fv2%2Fmedia&parent=197"}],"curies":[{"name":"wp","href":"https:\/\/api.w.org\/{rel}","templated":true}]}}